) = w**3 + 9*w**2 - 2*w + 11. What is the tens digit of m(d)?
2
Suppose -4*c = -5*r - 2, -3 = -2*c + c. Let z = 45 + -43. Suppose 0 = 2*i + 4, -2*v - z*i = i - r. What is the units digit of v?
4
Suppose -8*l - l = -423. What is the units digit of l?
7
Let x(r) = 2*r + 18. Let t be x(13). Suppose 2*s + 2*c - 64 = 0, 4*s = 3*s - 4*c + t. What is the units digit of s?
8
Suppose 3*w + 125 = 3*d + 2*w, 5*d - w = 209. What is the units digit of d?
2
Let q = 58 + 11. What is the units digit of q?
9
Suppose 3*x = 3*s - s - 25, 3*s = -3*x + 60. What is the tens digit of s?
1
Let z(h) = -3*h**2 + 0*h**3 + 3*h - 3*h**3 + 4*h**3. Let x(i) = 5*i**3 - 12*i**2 + 11*i. Let r(t) = 2*x(t) - 9*z(t). What is the units digit of r(-4)?
4
Let r(s) = s**3 - 3*s**2 + s - 2. Let f be r(3). Let b be -1*(1 - 0) + 4. Let n = b + f. What is the units digit of n?
4
Let f(p) = -6*p + 6*p**2 + 5*p - p**2 - p**2. Let s be f(-1). Suppose 3*r = -s*y + 32, -4*r + y + 39 = 4*y. What is the units digit of r?
9
Suppose 162 = 4*v - 3*r, 2*r + 7 = 3. Suppose 0*t - v = -2*d - 5*t, 3*d = -t + 39. What is the tens digit of d?
1
Suppose -2*p - 2*p = 76. Let b = 32 + p. What is the units digit of b?
3
Suppose 2*c = -4*a - 2 - 0, -a = 4*c - 24. Let h be (1 + (-1 - -1))*c. What is the units digit of 2/h + 26/7?
4
Let l(g) be the first derivative of g**4/4 + 8*g**3/3 - g**2 - 11*g - 3. What is the units digit of l(-8)?
5
Let t be (-37)/(-3) + (-2)/6. Let f = 3 + t. Suppose -5*r + f - 5 = 0. What is the units digit of r?
2
Suppose -c + 8 = m, 2*m - 5*c = -2*m + 5. Suppose 0 = 3*j - m*j + 18. Let g = -5 + j. What is the units digit of g?
4
Let u = -36 + 88. Let y = -17 + u. What is the tens digit of y?
3
Suppose -5*g = -k - 10, 4*k + 2*g - 5*g = 11. Suppose -k*n + 14 + 6 = 0. What is the units digit of n + -3 - (-2 - 1)?
4
Suppose 2*g + 0*g + 2*w = 42, 61 = 3*g + 2*w. Let q = g + -11. What is the units digit of q?
8
Let n(p) = p**2 - 8*p + 8. Let y be n(10). Suppose -4*f + y = -24. What is the units digit of f?
3
Suppose -2*f = -7*f. Suppose 4*s = 3*r + 58, f = 2*r + 2 + 2. What is the tens digit of s?
1
Let z(q) = -q**3 - 5*q**2 - q + 1. Let a be z(-4). Let l = a - -37. What is the tens digit of l?
2
Let u(l) = 4*l**2 + 1 + 5*l - 3*l**2 - 2*l**2. What is the units digit of u(3)?
7
Suppose 0*q - 3*q = 12. Let o(y) = -6*y - 4. What is the tens digit of o(q)?
2
Let l(z) = z - 1. Let v be l(4). Suppose n - 3*q - v = -6, -7 = n - 5*q. Suppose 0 = 5*i - 5*f - 30, 0*f - f - 8 = -n*i. What is the units digit of i?
1
What is the tens digit of ((-4)/5)/(-2) + (-8702)/(-95)?
9
Suppose 0 = -0*b + b - 8. Let w(n) = -n**3 + 8*n**2 + 4*n + 8. Let c be w(b). Suppose 4*d + d = c. What is the units digit of d?
8
Let r(f) = 9*f + 2. Let v be (-5)/(-20) - (-6)/8. What is the tens digit of r(v)?
1
Let n(d) = -d**3 + 6*d**2 + 4. Let o be n(6). Suppose -3*q + o = 10. What is the units digit of 1/(13/(-7) - q)?
7
Suppose 0*f + f = 18. What is the units digit of f?
8
Suppose -o + 378 = 2*o. Let i be 1/(3/o*2). What is the units digit of i/((-6)/(-2)) - 1?
6
Let l be 2 - (-20)/(-5 + 3). Let t(y) = y**2 - 7*y - 2. Let x be t(5). Let o = l - x. What is the units digit of o?
4
Suppose -b - b = -5*c + 14, -c = -3*b + 5. Suppose 66 = 7*w - 158. Suppose -c*k + w = -0*k. What is the units digit of k?
8
Let m = -72 - -73. What is the units digit of m?
1
Suppose -2*i + 2 = 0, -2*h - 3*h = i - 26. Suppose 0*g = h*g - 10. What is the units digit of g?
2
Suppose 0 = 5*r - 4*r + 2, -5*r - 6 = 4*h. Let l = -3 - -5. Suppose l*a - 10 = -3*j, j - h - 1 = -2*a. What is the units digit of j?
4
Suppose 0 = 2*g - 9*g + 588. What is the units digit of g?
4
Suppose -2*f + 17 = 3*m - 0*m, -4*f + 61 = -3*m. What is the units digit of f?
3
Suppose -2*m - 119 - 70 = -5*s, 5*s - 4*m = 183. Suppose -2*o + s = o. What is the tens digit of o?
1
What is the units digit of 83/(-1 - (-16)/12)?
9
Suppose -149 = 2*d - 453. Suppose y = -3*y + d. What is the tens digit of y?
3
Let i(c) = -c**3 + 6*c**2 - 5*c - 2. Let a be i(4). Suppose a = -2*m + 7*m. What is the units digit of (3/m)/((-1)/(-4))?
6
Let s = 143 + -212. Let a be s/(-15) - (-4)/10. Suppose -5*r - a*b = -3 - 2, 0 = -4*r - 3*b + 8. What is the units digit of r?
5
Let h be (-2)/(-5) + (-2)/5. Suppose u + h*u = 11. What is the units digit of u?
1
Suppose 2*j + 5 = 3*x, -11 = -x - 0*j - 4*j. Suppose -14 - 1 = -x*k. Suppose -2*n = -4*t + 14, 4*n + 0*n - 11 = -k*t. What is the units digit of t?
3
What is the units digit of (2 + (-147)/15)/((-2)/10)?
9
Let r(c) = -13*c. Let v be r(4). What is the tens digit of v/(-6)*15/10?
1
Suppose 575 = 5*h - 570. What is the tens digit of h?
2
Suppose -12*c - 4116 = -26*c. What is the units digit of c?
4
Suppose 0 = p + 3 - 7. Let b(t) = t**3 - 4*t**2 + 2*t + 2. Let a be b(p). Suppose a = 4*z - 3*z. What is the tens digit of z?
1
Let q(d) = -11*d - 2. Let w be q(-4). Let z be (-3 + 0)*w/(-9). Suppose -4*x + z = -3*x. What is the units digit of x?
4
Let z(a) = a - 6. Let y be z(10). Suppose -y*n + 87 - 35 = 0. What is the units digit of n?
3
Let v be 64/34 + 6/51. Suppose 3 = -v*a + 13. What is the units digit of a?
5
Let k = 96 + -25. What is the tens digit of k?
7
Let s(o) = o**3 - 23*o**2 + 17*o - 28. What is the tens digit of s(23)?
6
Suppose -2*a = -95 - 7. What is the tens digit of a?
5
Suppose 3*m = -4*f + 15, 5*f + 2*m - 18 = -2*m. Let r be (-14)/(-4) - (-3)/f. Suppose -r*c = -3*c - 12. What is the tens digit of c?
1
Let s(d) = d**3 + 4*d**2 + 2*d - 2. Let n be s(-3). What is the units digit of (3/(-3))/(n/(-3))?
3
Suppose -u - u - 5*m + 109 = 0, 263 = 5*u + 3*m. Suppose -u = -t - t. What is the tens digit of t?
2
Let r(t) = t**2 + 1. Let z be r(1). Suppose u + 2*u = z*l - 18, -46 = -4*l + u. Suppose 5*k + 2 = l. What is the units digit of k?
2
Suppose -1 = 2*t - 15. Suppose j = -t + 3. Let n = j - -10. What is the units digit of n?
6
Suppose 5 + 15 = -5*j, -2*j - 544 = -4*q. What is the hundreds digit of q?
1
Let p(u) = -u**3 - 6*u**2 - 2*u - 9. Let i be p(-6). Suppose i*t = -w + 27, -2 = 5*t - 3*w - 33. What is the units digit of t?
8
Suppose 5*u = 15, -j + 2*u = u. Suppose -5*t = -21 + 1. Let v = j + t. What is the units digit of v?
7
Suppose 3*c + 6 = 0, -4*l - 2*c - 37 + 117 = 0. What is the tens digit of l?
2
What is the tens digit of (-3 + 1)/(-2)*41?
4
Suppose 37 = 4*t - 4*n - n, 0 = 5*t - n - 62. Suppose 35 + t = 4*w. What is the units digit of w?
2
Suppose -8 = -3*v + o, -3*v + o + 32 = 6*o. Suppose -1 - 4 = 5*x. What is the units digit of x - -3*v/3?
3
Let h = -21 + 15. Let p = h - -10. Suppose -3*a - 2*i = -22, 2*a + i = p*a - 17. What is the units digit of a?
8
Suppose -2*k = k - 27. What is the units digit of k?
9
Let h = 144 + -48. Suppose 0 = -4*w + 4*m + h, -w + 2*m + 14 = -5. What is the tens digit of w?
2
Suppose -a = 5*s - 33, 2*s = -2*a + 6*a. Let o(q) = q**3 - 4*q**2 - 9*q + 2. What is the tens digit of o(s)?
2
Let k(f) = -f - 4. Let q be k(-7). Suppose -d - 8 = -4*b, -3*b + 8 = -d + q. Suppose 5*t - 4*i + 11 = 0, i = -d*t - 2*i + 16. What is the units digit of t?
1
Suppose 3*c + k = -3*k + 65, -4*c = -5*k - 128. Suppose 0 = -3*y + 3*d + c, -13 = -2*y + 4*d - d. What is the tens digit of y?
1
Let b = -15 + -35. What is the tens digit of (20/25)/((-2)/b)?
2
What is the units digit of (-9 - -5)/((-2)/13)?
6
Let a(f) = -10*f - 2. Let r = 10 + -13. What is the tens digit of a(r)?
2
What is the hundreds digit of 1611/6 - 9/18?
2
Suppose 2*u + 25 = 143. What is the units digit of u?
9
Let u be (21/12)/((-2)/(-24)). What is the units digit of 6/u + 164/14?
2
Let k(v) be the first derivative of v**3/3 - 8*v**2 + 14*v - 3. What is the tens digit of k(16)?
1
Let a(j) be the third derivative of 0*j**4 + 1/20*j**6 + 0 + 0*j**3 - 1/60*j**5 + 0*j - 3*j**2. What is the units digit of a(1)?
5
Suppose 3*x = 2*x + 5*p + 67, -3*x = -2*p - 175. What is the units digit of x?
7
Let v = 20 + -12. Let q = v + -5. Suppose b - 2*h = -5*h + 17, q*h - 15 = 0. What is the units digit of b?
2
Suppose w + 260 = 3*w. What is the tens digit of w?
3
What is the units digit of -3 + 36 + (-2 - -1)?
2
Suppose 0 = 2*b + 2*b - 24. What is the units digit of b?
6
Let o = -50 - -82. What is the tens digit of o?
3
Let b = -7 - -9. Suppose 0 = b*k + 8, -m + 59 = -5*k + 3.